s divided by w(8)?
32
Let r(a) = 27*a**2 - 607*a + 1804. What is the remainder when 8585 is divided by r(3)?
223
Let s = -151 - -161. Suppose s*g + 8910 = 65*g. Calculate the remainder when g is divided by 51.
9
Let u(l) = -18*l - 85. Let v be u(-19). Suppose -v = -7*y + 121. What is the remainder when y is divided by 7?
5
What is the remainder when 29 is divided by (6 + 55/(-40)*2)/(3/12)?
3
Suppose 5*o = -2*d + 345, 4*o + 0*o + d - 279 = 0. Calculate the remainder when o is divided by 17.
3
Let n = 79 - 33. Let h(m) = 34*m - 96. Let r be h(5). Suppose -5*k + 4*d = -0*k - r, -62 = -3*k - 2*d. What is the remainder when n is divided by k?
10
Let m = -5 - -19. Suppose 17140*g - 17240*g = -8300. What is the remainder when g is divided by m?
13
What is the remainder when 183 is divided by (59 - 1) + (-3 - (-9 - (-12 - -8)))?
3
Let t(c) = -5*c - 30. Suppose -4*k - 5 + 17 = 0. Suppose 143 = 5*x + 2*g - k*g, 3*x - 72 = -4*g. Calculate the remainder when x is divided by t(-7).
3
Let c = -59 - -121. Suppose 0 = -51*v + 41*v - 400. Let z = v + c. What is the remainder when 61 is divided by z?
17
Suppose -8*b + 8 = -0*b. Let w be (87/29)/((b - 3)/(-8)). Let x = w - 2. What is the remainder when x is divided by 4?
2
Let j(z) = z**3 + 6*z**2 + z - 4. Suppose -11*c + 15*c + 16 = 0. Let q be (-3 - c)*(45/3)/(-3). What is the remainder when j(q) is divided by 6?
4
Let l be (-22)/66 + 4/3 + -1. Calculate the remainder when 51 + -49 + 204 + l is divided by 23.
22
What is the remainder when 1565 is divided by 64 + 20/(-3) + 20/(-360)*-12?
57
Suppose 70 = 2*x + u, -4*u - 632 + 538 = -3*x. What is the remainder when 54 is divided by x?
20
Let t = -535 + 548. Suppose 0 = t*p - 79 - 948. Calculate the remainder when 1578 is divided by p.
77
Suppose -3*v + 6 = -v. Suppose -11*u + 685 = 5*l - 6*u, -l - 4*u + 134 = 0. Let s = l - 137. Calculate the remainder when v is divided by s.
0
Suppose -53*a + 7442 = 124*a - 116*a. Let y(k) = 2*k + 6. What is the remainder when a is divided by y(6)?
14
Let c(t) = 2*t**2 - 2*t + 3. Let j be 1/(-1) + 1307 + 9. Let y = 1321 - j. What is the remainder when c(-5) is divided by y?
3
Suppose -2*f + 9*o = 13*o - 4870, 2*o + 12127 = 5*f. Calculate the remainder when f is divided by 15.
12
Let q be 8/(-12)*-231*28. Suppose -14*u = -7560 - q. Calculate the remainder when u is divided by 25.
23
Suppose 477 = -1560*i + 1580*i - 463. Calculate the remainder when 231 is divided by i.
43
Let v(m) = 37*m**3 - 11*m**2 + 62*m - 11. Calculate the remainder when v(4) is divided by 90.
89
Let t(r) = -r**3 - 56*r**2 - 209*r - 21. Calculate the remainder when 10229 is divided by t(-52).
30
Let b(n) = n**3 + 4*n**2 + 6*n - 2. Let f be b(-2). Calculate the remainder when (-24190)/(-354) - (-3 + 1)/f is divided by 17.
0
Let z(l) = 49*l**3 - l**2 + l + 2. Let o be z(-1). Let i = 83 + o. Suppose 19 = 8*v - 29. Calculate the remainder when i is divided by v.
4
Let p be 2/(-3) + 56/12. Suppose p*x = -x + 180. What is the remainder when -21*(-78)/9 - (5 - 1) is divided by x?
34
Suppose 4*o - 54 = -y + 3, 0 = -5*y + 5. Let m(t) be the second derivative of 7*t**3/6 - 7*t**2 - 6*t. Calculate the remainder when m(o) is divided by 17.
16
Let s = 11722 - 10810. Calculate the remainder when s is divided by 154.
142
Let i(r) = -5*r**2 + 6*r + 1. Let x = -55 - -54. Let o be i(x). Calculate the remainder when -2*(-12)/o*(-70)/4 is divided by 16.
10
Suppose 3*x = -10 - 2. Calculate the remainder when x - (-60 + -8 + 6) is divided by 30.
28
Let q(a) = 31*a + 138. Let t be q(6). Suppose -8*d + 388 - t = 0. What is the remainder when 16 is divided by d?
0
Let z(h) = 16*h**2 + 5799*h + 8454. Suppose -n = -5*b + 106, -b - 3*n = -3*b + 32. Calculate the remainder when z(-361) is divided by b.
19
Suppose -2123 - 513 = -4*m. Let a = 1200 - m. Calculate the remainder when a is divided by 16.
13
Let s(n) = 73*n + 3475. What is the remainder when s(-21) is divided by 176?
6
Suppose 4*n = 4, -2*n - 1153 = -l + 6*l. Let t = 471 + l. What is the remainder when t is divided by 22?
20
Let l(z) = -38*z**2 - 4*z + 3. Let b be l(1). Let g = b - -50. Suppose -g*c + 20 = -101. Calculate the remainder when c is divided by 11.
0
Let y(i) = 337*i + 4108. What is the remainder when 434 is divided by y(-12)?
50
Let t = 216 - 207. Suppose -t*l + 4*l = -4*r + 60, 5*r = -4*l + 34. Suppose -59 - 74 = -5*z - q, -q = 2. What is the remainder when z is divided by r?
7
Suppose -105*i = 78*i - 37515. What is the remainder when 1204 is divided by i?
179
Let s = 3882 - 3842. What is the remainder when 304 is divided by s?
24
Let i(k) = k**2 - 21*k + 13. Let l be i(24). Let m(h) = -101*h - l*h + 44*h - 26*h + 5. What is the remainder when m(-1) is divided by 44?
41
Let z = 155 - 134. Suppose f + 3*f = 3*y + 103, 0 = -f - 4*y + z. Suppose 4*h = -2*s + 58, 4*s + 6 = 2*s. What is the remainder when f is divided by h?
9
Let g be -2*(3 + -2)/(-1). Let p(s) = 6*s**2 + s + 2. What is the remainder when 111 - 7*(18/(-21) - (-9)/9) is divided by p(g)?
26
Suppose 5*r - 3669 + 1254 = 0. Let l = r - 477. What is the remainder when 11 is divided by l?
5
Let l = 5716 + -5697. What is the remainder when 1743 is divided by l?
14
Calculate the remainder when 14/(14/99) + -12 is divided by (5/3)/((-4)/(-72)).
27
Let u(d) = d**3 + 13*d**2 + 11*d - 1. Calculate the remainder when u(-8) is divided by (81/18)/(-3)*(-174)/9.
28
Suppose 44 + 10 = -9*c. Let a(p) = -46*p - 271. Calculate the remainder when 66 is divided by a(c).
1
Suppose 277*a - 7548 = 209*a. What is the remainder when 476 is divided by a?
32
Let c = 10 + -7. Let w = 689 - 314. Suppose 0 = -w*q + 388*q - 13. Calculate the remainder when c is divided by q.
0
Suppose 29*i - 35 = 22*i. Calculate the remainder when 134 is divided by i/5 + 2 - -14.
15
Let a(i) = i**2 - 14*i - 14. Let g be a(0). What is the remainder when g*10*(-1 + 5)/(-4) is divided by 16?
12
Let z(b) = 14*b + 105. Let l be z(20). Suppose -l*s = -383*s - 88. Calculate the remainder when s is divided by 17.
10
Let v(d) = 28 + 22 - d - 2*d**2 - 18 + 12*d. Calculate the remainder when 85 is divided by v(7).
8
Let f(i) = -94*i + 16. Let t = -899 - -924. What is the remainder when f(-3) is divided by t?
23
Let w(v) = v**2 + 2*v - 2. Let q be w(-2). Let m = -6 - -6. Calculate the remainder when 100 is divided by 34 - m*q/8.
32
Calculate the remainder when 13258 is divided by 452*(-2 + 2 - (-1)/2) - 5.
219
Let m = -578 - -579. Calculate the remainder when (((-1572)/(-12))/(-1))/(m/(-2)) is divided by 11.
9
Let s = 52 - 52. Suppose -6*b + 1786 + 1250 = s. Calculate the remainder when b is divided by 13.
12
Let o = 1363 + -1342. Calculate the remainder when 464 is divided by o.
2
Suppose 2*a = 4*r + 40, 11*a + 5*r = 14*a - 65. Let p be -2*1/1 + 263. Suppose 629 = 5*b - p. What is the remainder when b is divided by a?
28
Suppose -4*n - 91 = -127. Suppose -n*g = -12*g + 189. What is the remainder when g is divided by 24?
15
Let k(j) = 166*j - 1789. Calculate the remainder when 958 is divided by k(11).
33
Suppose -25*n + 23*n + 158 = 0. Let k = -52 + n. Suppose -57 = -3*a + 2*r, 3*a - 2*a + 2*r = k. Calculate the remainder when a is divided by 13.
8
Suppose 95*t - 4*l = 96*t - 35, 5*t + 4*l = 191. What is the remainder when 2417 is divided by t?
38
Suppose -35*x + 13*x = 9*x - 4867. What is the remainder when 283 is divided by x?
126
Suppose 12*c = -256 + 388. Let h be (-594)/(-21) - (-2)/(-7). Suppose -k + c = -h. Calculate the remainder when k is divided by 20.
19
Suppose -21*q = 8*q + 5365. Let l = -117 - q. What is the remainder when 268 is divided by l?
64
Let w(z) = 2*z - 5. Let a = 120788 + -120783. What is the remainder when w(5) is divided by a?
0
Suppose n - 11 = 1. Let r(p) = -p**2 + 18*p - 4. What is the remainder when 131 is divided by r(n)?
63
Let v be 30/(-45) + 28/6 + -7. Let f be 1/(-3)*(v + 6). Calculate the remainder when 31 is divided by (2 - (-13 - f)) + 2.
15
Let y = -144 + 208. Let h = y + -40. Suppose z = -3*r + 194, 0*r - 2*z = -r + 67. What is the remainder when r is divided by h?
17
Let l = -1978 + 2867. Calculate the remainder when l is divided by 149.
144
Suppose x + 296 = -246. Let t be (-12)/(-42) - x/14. Calculate the remainder when 29 is divided by 130/6 - (-13)/t.
7
Calculate 